{"id":126,"date":"2020-08-21T21:52:58","date_gmt":"2020-08-21T19:52:58","guid":{"rendered":"http:\/\/therapie-sophrologie33.fr\/?page_id=126"},"modified":"2022-03-06T18:35:50","modified_gmt":"2022-03-06T17:35:50","slug":"interventions","status":"publish","type":"page","link":"https:\/\/therapie-sophrologie33.fr\/index.php\/la-sophrologie\/interventions\/","title":{"rendered":"Interventions"},"content":{"rendered":"\n<p>Intervention en entreprise, dans les structures m\u00e9dico-sociales et d\u2019accompagnement, dans les centres de formation, dans les \u00e9coles, centres de loisirs et autres\u2026<\/p>\n\n\n\n<h4>En entreprise<\/h4>\n\n\n\n<p>La sophrologie a sa place dans le monde du travail&nbsp;: elle peut \u00eatre propos\u00e9e aux salari\u00e9s comme un v\u00e9ritable accompagnement au service du d\u00e9veloppement des comp\u00e9tences, de la performance et du d\u00e9veloppement personnel.<\/p>\n\n\n\n<p>Cette technique peut \u00eatre associ\u00e9e \u00e0 une d\u00e9marche de qualit\u00e9 de vie au travail (QVT)&nbsp;et de pr\u00e9vention des Risques Psycho Sociaux (stress, addictions, \u00e9puisement professionnel, harc\u00e8lement\u2026)<\/p>\n\n\n\n<p>La sophrologie au travail a de multiples b\u00e9n\u00e9fices :<\/p>\n\n\n\n<ul><li>Coh\u00e9sion et travail en \u00e9quipe,<\/li><li>Confiance en soi et affirmation de soi,<\/li><li>Valeurs humaines (empathie et bienveillance) et valeurs de l\u2019entreprise,<\/li><li>Aide \u00e0 la prise de recul<\/li><li>Aide \u00e0 la prise de d\u00e9cisions<\/li><li>Adaptation au changement<\/li><li>Prise de parole en public<\/li><li>Gestion du temps et priorisation des actions<\/li><li>D\u00e9passement de soi<\/li><li>Cr\u00e9ativit\u00e9\u2026<\/li><\/ul>\n\n\n\n<p><\/p>\n\n\n\n<h4>En milieu associatif, sportif<\/h4>\n\n\n\n<h4>Au sein des structures m\u00e9dico-sociales et d\u2019accompagnement<\/h4>\n\n\n\n<h4>Au sein des \u00e9coles, des centres de loisirs et d\u2019activit\u00e9<\/h4>\n\n\n\n<h4>Au sein des centres de formation\u2026<\/h4>\n\n\n\n<p><\/p>\n\n\n\n<p><\/p>\n\n\n\n<div class=\"wp-block-image\"><figure class=\"aligncenter size-large\"><img loading=\"lazy\" width=\"1024\" height=\"576\" src=\"http:\/\/therapie-sophrologie33.fr\/wp-content\/uploads\/2020\/08\/Mains-couleurs-1024x576.png\" alt=\"\" class=\"wp-image-85\" srcset=\"https:\/\/therapie-sophrologie33.fr\/wp-content\/uploads\/2020\/08\/Mains-couleurs-1024x576.png 1024w, https:\/\/therapie-sophrologie33.fr\/wp-content\/uploads\/2020\/08\/Mains-couleurs-300x169.png 300w, https:\/\/therapie-sophrologie33.fr\/wp-content\/uploads\/2020\/08\/Mains-couleurs-768x432.png 768w, https:\/\/therapie-sophrologie33.fr\/wp-content\/uploads\/2020\/08\/Mains-couleurs.png 1520w\" sizes=\"(max-width: 1024px) 100vw, 1024px\" \/><\/figure><\/div>\n","protected":false},"excerpt":{"rendered":"<p>Intervention en entreprise, dans les structures m\u00e9dico-sociales et d\u2019accompagnement, dans les centres de formation, dans les \u00e9coles, centres de loisirs et autres\u2026 En entreprise La sophrologie a sa place dans le monde du travail&nbsp;: elle peut \u00eatre propos\u00e9e aux salari\u00e9s comme un v\u00e9ritable accompagnement au service du d\u00e9veloppement des comp\u00e9tences, de la performance et du&hellip;<\/p>\n","protected":false},"author":1,"featured_media":0,"parent":22,"menu_order":4,"comment_status":"closed","ping_status":"closed","template":"","meta":[],"_links":{"self":[{"href":"https:\/\/therapie-sophrologie33.fr\/index.php\/wp-json\/wp\/v2\/pages\/126"}],"collection":[{"href":"https:\/\/therapie-sophrologie33.fr\/index.php\/wp-json\/wp\/v2\/pages"}],"about":[{"href":"https:\/\/therapie-sophrologie33.fr\/index.php\/wp-json\/wp\/v2\/types\/page"}],"author":[{"embeddable":true,"href":"https:\/\/therapie-sophrologie33.fr\/index.php\/wp-json\/wp\/v2\/users\/1"}],"replies":[{"embeddable":true,"href":"https:\/\/therapie-sophrologie33.fr\/index.php\/wp-json\/wp\/v2\/comments?post=126"}],"version-history":[{"count":6,"href":"https:\/\/therapie-sophrologie33.fr\/index.php\/wp-json\/wp\/v2\/pages\/126\/revisions"}],"predecessor-version":[{"id":242,"href":"https:\/\/therapie-sophrologie33.fr\/index.php\/wp-json\/wp\/v2\/pages\/126\/revisions\/242"}],"up":[{"embeddable":true,"href":"https:\/\/therapie-sophrologie33.fr\/index.php\/wp-json\/wp\/v2\/pages\/22"}],"wp:attachment":[{"href":"https:\/\/therapie-sophrologie33.fr\/index.php\/wp-json\/wp\/v2\/media?parent=126"}],"curies":[{"name":"wp","href":"https:\/\/api.w.org\/{rel}","templated":true}]}}